ppose -33 = 4*s + 3*m, -g = 3*s - m + 9. Calculate f(s).
-6
Let r(z) be the first derivative of 0*z**2 - 1 - z - 1/3*z**3. Let n(d) = -2*d**2 - 6*d - 7. Let p(w) = n(w) - r(w). What is p(-6)?
-6
Let u(y) = -25*y + 2. Let x(l) = -13*l + 1. Let f(d) = -4*u(d) + 7*x(d). Calculate f(1).
8
Let g(b) be the third derivative of -b**6/60 + b**5/20 - b**3/3 - 2*b**2. Suppose -p - 5 = -2*f - 1, 2*p - 8 = -4*f. Calculate g(f).
-6
Let c(q) be the first derivative of -3 + 0*q**3 - 1/4*q**4 + 3*q + 3/2*q**2. Give c(-2).
5
Let b(o) = 1. Let k(l) be the first derivative of l**2/2 + 2*l + 1. Let g(c) = -4*b(c) + k(c). Suppose 5*p = 4*n + 7 - 1, -3*n = 5*p - 13. What is g(n)?
-1
Let i(x) be the first derivative of x**5/60 + x**4/4 + x**3/2 + 5*x**2/2 + 2. Let q(b) be the second derivative of i(b). Determine q(-4).
-5
Let x(s) = -2*s + 5. Let d(g) = g - 3. Let b(m) = -11*d(m) - 6*x(m). Calculate b(0).
3
Let g(n) = 68*n + 16 - 7 - 67*n. Give g(-10).
-1
Suppose 0 = -3*a + 4*a. Suppose -2 = -k - a*k. Let d(r) = 3*r + 2 - k - 3. Calculate d(2).
3
Let x(o) be the third derivative of -o**4/8 - 3*o**2. Let f(m) = m + 17. Let b be f(-14). Give x(b).
-9
Let d = 10 + -6. Let q be 100/5*3/d. Suppose h = 5*y - 27 - 3, q = -5*h - 2*y. Let s(b) = b**2 + 6*b - 3. Determine s(h).
-8
Let h(m) = -3*m + 3. Let c be h(2). Let v(x) = x**2 - 7*x + 6. Let q(a) = -3*a**2 + 20*a - 17. Let f(s) = -6*q(s) - 17*v(s). Give f(c).
12
Let x(r) = -3*r + 7*r**3 + 4*r - 2*r + r**2 - 4 - 8*r**3. What is x(0)?
-4
Let q(l) be the second derivative of -l**5/20 - 7*l**4/12 - l**3 + l**2/2 - 6*l. Calculate q(-6).
1
Let v be 12*(-2 + 1)*1/(-3). Let b(m) = -m + 2. Calculate b(v).
-2
Let d(q) = -q + 2. Let z be (-1)/(-3) - 10/(-6). Give d(z).
0
Let u(x) = 3*x**2 - 3*x - 7. Let q(b) = 16*b**2 - 16*b - 35. Let f(i) = -2*q(i) + 11*u(i). Determine f(0).
-7
Let s(q) = 3*q**2 - q + 1. Let t(n) = -5*n**2 + 3*n - 3. Let y(p) = 7*s(p) + 4*t(p). What is y(-5)?
-5
Let s(y) = y**3 + 4*y**2 + 3*y - 4. Suppose -12 = -3*i + 12. Let z = i - 11. What is s(z)?
-4
Suppose u - 5*u + 16 = 0. Let i(s) = 3*s**2 + 4*s - 6 - 4*s**2 + 2. Calculate i(u).
-4
Suppose 0 = 3*w - 2*w + 4. Let v(o) = o**2 + 3*o - 2. Determine v(w).
2
Let z(b) = -1 + 6*b - 5 - b**2 + 2. Suppose 2*f - 20 = m - 7, -21 = -4*f + m. Calculate z(f).
4
Suppose 3*a - 25 = -2*a. Let t(j) be the second derivative of -j**4/24 + 2*j**3 + 3*j**2/2 - 4*j. Let n(m) be the first derivative of t(m). What is n(a)?
7
Let m be 2 + 0 - (-33)/(-11). Let v(l) be the third derivative of 1/24*l**6 + 0*l - 1/30*l**5 + 0 + 1/6*l**3 + 0*l**4 - l**2. Determine v(m).
-6
Let f(i) = -7*i. Let m(y) = 20*y + 1. Let p(v) = 17*f(v) + 6*m(v). Let c(b) = b**2 - 4*b + 2. Let g be c(2). Let s be 0 - g - (5 + 2). Give p(s).
1
Let n(h) = -7*h**2 - 1. Let l(y) = y + 17. Let q be l(-9). Suppose w = 3*t, -q = -4*w - 20. Calculate n(t).
-8
Let l(w) be the third derivative of w**4/12 + 4*w**3/3 + 16*w**2. Give l(-7).
-6
Let w(c) = c**2 + 0*c**2 + 6 - c**3 + 3*c + 0*c - 5*c**2. Give w(-4).
-6
Suppose -495 = 3*o + 2*o. Let g be 42/11 + (-18)/o. Let d(a) = 2*a**2 - 4*a**2 + 5 + 2*a + a**2. Calculate d(g).
-3
Let z(k) be the first derivative of k**3/3 - k**2/2 + k - 19. What is z(1)?
1
Suppose 8*s - 3*s = -3*a - 11, -3*s + 7 = -5*a. Let t = 0 - s. Let g(i) = 7*i**2 - 1. What is g(t)?
6
Let r be 8 + (-1)/(-2)*2. Let u be 110/15 - 3/r. Let y(k) = k - 12. What is y(u)?
-5
Suppose 15 = -5*o + 2*r, 3*r - 5 = 2*r. Let u(t) = -9*t**2 + t. Calculate u(o).
-10
Let q(w) = -w**2 + 5*w - 4. Let u be q(3). Suppose u*n = t + 2, -4 = -t - 3*n + 2*n. Let y(a) = -a**3 - 5 + t + 2*a**3 - 2*a + 3*a**2. Calculate y(-2).
5
Let n(v) = 7*v**2 + 9 + 3*v**3 - v - 6*v**3 + 2*v**3. Let r be n(7). Let y(s) = -s**2 + 2*s + 1. Give y(r).
1
Let y(o) be the first derivative of -2/3*o**3 + 3/2*o**2 - 3 - 2*o - 1/4*o**4. What is y(-3)?
-2
Let q(z) = -6*z - 7. Let j(d) = -5*d - 5. Let i(u) = 5*j(u) - 4*q(u). Let m be ((-3)/(-6))/(1/4). What is i(m)?
1
Let j(i) = -i**3 - 3*i**2 - 2*i - 2. Suppose 3*l = 2*m + 36, -4*l + 24 = -2*m - 10. Let o be 0/2 + m/7. Calculate j(o).
4
Let a be (-2)/(3 + (-11)/3). Let k(d) be the second derivative of -1/12*d**4 - 2*d + d**2 + 0 - 1/3*d**a + 1/20*d**5. Calculate k(2).
2
Let t be (-45)/6*(-6)/9. Suppose t*b = -15, b + 2 = 3*v + 17. Let j(n) = -n**2 - 6*n - 5. Give j(v).
-5
Let s = -10 + 2. Let f = 10 + s. Let i(v) = -v**2 - 5 + 3*v + 4 - 2*v**f. What is i(2)?
-7
Let n(k) = 15*k + 1. Suppose 2*u + 10 = 8. Calculate n(u).
-14
Let r(o) = 2 - o + 2 + 2*o. Suppose 3*g = -0*t + t - 5, -2*t + 10 = -3*g. What is r(g)?
4
Let o = -20 - -25. Let w(a) = -2*a + 4. Give w(o).
-6
Let o(i) = 8*i**2 + 33*i + 31. Let m(j) = -3*j**2 - 11*j - 10. Let p(r) = -11*m(r) - 4*o(r). Let h be p(12). Let k(t) = -3*t**2 - 3*t. Give k(h).
-6
Let l(h) be the first derivative of -h**7/420 - h**6/90 - h**5/30 - h**4/8 - h**3/3 + 3. Let i(m) be the third derivative of l(m). Determine i(-2).
5
Let x = 38 - 38. Let j(w) = -w - 9. Determine j(x).
-9
Let x(k) = -k**2 - 3. Let f = -2 + 2. Give x(f).
-3
Let j be (1 - -6)/(0 - -1). Let b(l) = 5*l + 6 + 5 + l**3 - 6 - j*l**2. What is b(6)?
-1
Let r = -5 + 5. Let u(j) = -j - 5. Give u(r).
-5
Let x(l) = -l**3 - l**2 + l - 8. Let v be x(0). Let n(j) = -j**2 - 7*j + 3. Calculate n(v).
-5
Let m(c) = 5*c**2 - c + c**3 + 3*c - 2*c**3 - 2 - 3*c. Calculate m(2).
8
Let z(i) be the second derivative of -5*i**4/12 + i**3/6 - i**2/2 + 2*i. Let f be z(1). Let r(g) = 1 + g**3 + 2*g + 5*g**2 + 2 + 0. Calculate r(f).
-7
Let n(a) = 81*a**3 + 9 - 16 - 6*a - 80*a**3 + 4*a**2. Let q(u) = u**2 + 4*u - 5. Let f be q(-4). Determine n(f).
-2
Suppose 4*h + 12 = -0, 0 = 5*k - 4*h - 102. Let z = -13 + k. Let y(u) = -u**2 + 4*u + 6. What is y(z)?
1
Let q(h) = -4 + h**2 - 4*h - 4*h + 4*h. Let k(u) = -u**3 - 8*u**2 - 2*u - 12. Let b be k(-8). Let d = 8 - b. Give q(d).
-4
Let b(r) = r**2 - 5*r - 4. Let l be b(6). Let c be ((l*3)/3)/(-2). Let d = 0 + c. Let i(k) = 7*k**2 - 2*k - 1. What is i(d)?
8
Let z(p) be the third derivative of p**4/24 - p**3/6 - p**2. Let c = -19 + 22. Calculate z(c).
2
Let m(i) = 5*i + 3*i + 0*i. Let p be -10 + 13 - (-1 + 3). Give m(p).
8
Suppose -j + 5*s - 23 = 0, 8*j - 4*j = -2*s - 4. Let p(n) be the third derivative of -1/2*n**3 + 0 - 1/6*n**4 - 3*n**2 - 1/60*n**5 + 0*n. Give p(j).
0
Let k(u) be the second derivative of u**6/120 + u**5/60 + u**4/24 - u**2/2 + 3*u. Let n(s) be the first derivative of k(s). Give n(0).
0
Let a(t) = -t**3 + 5*t**2 - 3*t - 3. Suppose p - 16 = -p - 4*o, 0 = -2*o + 8. Let j = -1 - p. Let i = 2 - j. What is a(i)?
6
Let q(p) = p + 2. Let d be -4 + (-6)/(-2) - -12. Let k = d - 17. Give q(k).
-4
Let c = 0 - 1. Let u(m) = 27*m + 5. Let l(n) = 418*n + 77. Let t(v) = -5*l(v) + 77*u(v). What is t(c)?
11
Let q = 4 - 4. Let r(z) = 0*z + q + 0*z - 4 - z. Give r(-3).
-1
Suppose -r = 3*v + 2*r, 0 = 5*v - r. Let i(p) be the second derivative of v + 3/10*p**5 + 1/2*p**2 - 1/3*p**3 - 3*p + 1/12*p**4. Calculate i(1).
6
Let a be 2 + 0 - (-2 - 1). Let l(r) = -a*r**2 - 1 + 6*r**2 - r - 2*r**2. What is l(-3)?
-7
Let v(a) be the first derivative of -7/2*a**2 - 1/3*a**3 + a + 1. Determine v(-5).
11
Let d(p) = -31 + 29 + 0*p**2 - p**2 + 4*p. Calculate d(4).
-2
Let s(j) = -5*j**3 + j**3 + 5*j**3 + 2*j**2 - 2 - 5*j. Suppose -2*y = -2*c + 3*y + 27, 4*c - 2*y = 30. Suppose -1 - c = i + 2*l, 5*l = -i - 13. Determine s(i).
4
Let j(f) be the first derivative of f**5/60 - f**4/4 + 7*f**3/6 + f**2 + 2. Let n(k) be the second derivative of j(k). Calculate n(5).
2
Let y(k) = -k - 8. Let z be y(-12). Let n(l) be the first derivative of -1 + 3/2*l**2 + 0*l - 1/3*l**3. Give n(z).
-4
Let g(c) = c + 2. Let j(b) = 6*b + 8. Let v(h) = 11*g(h) - 2*j(h). Give v(8).
-2
Let d(r) = 2*r**2 + 9*r + 2. Let g(v) = v**2 + 8*v + 1. Let b(m) = -2*d(m) + 3*g(m). Determine b(6).
-1
Let m be (0 + -8)/(1*-2). Suppose -k - 4*w - 16 = -5*k, m*k + w - 21 = 0. Let o(d) = -d + 4. Determine o(k).
-1
Let s(q) = -q**3 - q**2 - 7 + 9 + q**2. Give s(0).
2
Let t(m) be the third derivative of m**6/240 + m**5/60 - 3*m**4/8 - m**2. Let x(j) be the second derivative of t(j). Give x(-2).
-4
Let a(j) be the second derivative of j**4/12 + j**3/2 - 2*j**2 + j. Let c = 20 + -25. What is a(c)?
6
Let m(d) = d**2 - 9*d - 1. Let z(x) = 4*x. Let i(k) = -2